e the remainder when f(2) is divided by 21.
18
Suppose 7*b = -10*b + 85. What is the remainder when b is divided by 3?
2
Let w(y) be the third derivative of y**4/4 - 13*y**3/3 + 33*y**2. What is the remainder when 174 is divided by w(8)?
20
Suppose -z - 5*u + 246 = 2*z, 0 = -z - u + 84. Suppose -10*g + x + 90 = -5*g, 3*g - 5*x - 54 = 0. Calculate the remainder when z is divided by g.
15
Suppose 658 = 5*d - 4*p, 2*d + 12*p - 270 = 17*p. Calculate the remainder when d is divided by 11.
9
Let k = -5 - -10. Suppose 326 = 12*u - 10. Calculate the remainder when u is divided by k.
3
Let d = 14 - -16. Suppose 5*l = 4*g - 215, -2*g = 4*l - 141 + 27. Calculate the remainder when g is divided by d.
25
Let i(l) = -2*l**3 + l**2 - l + 10. Let d be i(0). Suppose -2*j + 32 = -k - d, 3*k = -3*j + 81. What is the remainder when 158 is divided by j?
20
Let a = 23 - 23. Suppose a = -7*w + 5*w + 10. Suppose w*f + 2*d = 22, f - 4*d + 20 = 5*f. Calculate the remainder when 14 is divided by f.
2
Suppose -1 = -4*k + 11, -k = 2*s - 71. Calculate the remainder when 287 is divided by s.
15
Suppose 0*r - 19 = 3*r + 5*v, 0 = -5*r - v - 39. Calculate the remainder when (36/r + -2)*-4 is divided by 10.
6
Calculate the remainder when 1 + -2 - (-947 + -7 + 2) is divided by 53.
50
Suppose 2*w + 11*o = 13*o + 576, 5*w - 2*o - 1440 = 0. What is the remainder when w is divided by 91?
15
Let j = 199 - 287. Let d = -47 - j. Suppose 5*o - 32 = -3*g, 4*g - 3*o - 39 = 23. Calculate the remainder when d is divided by g.
13
Let k(u) = u**3 + 10*u**2 + 22*u + 11. Calculate the remainder when 16 is divided by k(-7).
0
Let x(k) = -5*k - 35. Suppose -6*r = -2*r + 40. What is the remainder when 27 is divided by x(r)?
12
Let w be 75*(-3 + ((-44)/3)/(-4)). What is the remainder when (w/75)/(4/270) is divided by 8?
5
Let x = 1116 + -971. Calculate the remainder when x is divided by 24.
1
Let h = 403 + -262. Calculate the remainder when h is divided by 16.
13
What is the remainder when (-6)/(-2) + -2 - -33 is divided by 2/(7 - 183/27)?
7
Let r = 231 - 109. What is the remainder when r is divided by 42?
38
What is the remainder when 2 - 7 - (-4503)/79 is divided by (-194)/(-18) - (-6)/27?
8
Let c(j) = 4*j**3 + 2*j**2 + 4*j - 14. What is the remainder when c(3) is divided by 42?
40
Let d be 237*(32/(-12) - -3). Let k = 141 - d. Suppose -4*u + 18 = -k. Calculate the remainder when 59 is divided by u.
19
Let n(h) = -h**3 - 5*h**2 - 3*h - 1. Let d(w) = -78 + 158 + 4*w + w**3 - 3*w**2 - 74. Calculate the remainder when d(4) is divided by n(-5).
10
Suppose -109 = 4*a + 5*f, -5*a + 2*f - 95 = -0*a. Let t = a - -26. Suppose 3*r - 4*r = 0, -u - t*r = -48. Calculate the remainder when u is divided by 13.
9
Suppose -3*m + 27 = -6. Let p be 3 - 6/9*6/(-4). Suppose 7*x - 3*x + 3*s - 88 = 0, p*x - 92 = -4*s. What is the remainder when x is divided by m?
8
Suppose -2*r = r. Suppose 5*a - p - 289 = r, -a = -2*p - 60 + 4. Let z(g) = -21*g - 1. Calculate the remainder when a is divided by z(-1).
18
Calculate the remainder when ((-362)/(-10) + 19)/(3/130) is divided by 114.
112
Suppose 256 = i + 3*w, -i - 4*w + 252 = w. What is the remainder when 2/(-4) - i/(-4) is divided by 17?
14
Let w = 676 + -662. What is the remainder when 41 is divided by w?
13
Let f(p) = -23*p + 23*p - 26*p + 8. Calculate the remainder when f(-5) is divided by 14.
12
Suppose -10*p = -11*p + 21. What is the remainder when p is divided by 8?
5
What is the remainder when 356 is divided by -2*((-12)/(-14))/(96/(-2856))?
50
Suppose -11*d = -2*a - 10*d + 255, -a + 2*d = -120. Let t = -95 + a. What is the remainder when t is divided by 18?
17
Suppose 5*g + 5*z = 23 + 7, -4*g + 18 = -2*z. Suppose g*c + 10 = 3*w - 20, 5*w + c = 22. Let p = 89 - 76. What is the remainder when p is divided by w?
3
Let o be (-4)/(-18) + (2465/45 - -3). Let m = o - 41. What is the remainder when 33 is divided by m?
16
Let m = -13 + 4. Let b(t) = -15*t - 10. Let c = -9 - -41. What is the remainder when b(m) is divided by c?
29
Suppose 3*d - 5*d = -120. Suppose -3*h + d = h. Calculate the remainder when h is divided by 9.
6
Let s(z) = z**3 + 7*z**2 + 6*z + 7. Let u be s(-6). Suppose u*m - 32 = 3*m. What is the remainder when 15 is divided by m?
7
What is the remainder when (2/(-2*2))/(34/(-2652)) is divided by 20?
19
Let r(d) = d**3 - 6*d**2 + 12*d - 10. What is the remainder when 88 is divided by r(5)?
13
Suppose 4*k + 3*p = 3950, -3*k - p + 2977 = -6*p. What is the remainder when k is divided by 18?
17
Let i(p) = -p**2 - p + 1. Let q(o) = -2*o**2 - 4*o + 3. Let m(j) = -4*i(j) + q(j). Let c = -10 - -6. Calculate the remainder when m(c) is divided by 11.
9
Suppose -57*g + 4109 + 11167 = 0. What is the remainder when g is divided by 67?
0
Suppose 2*i = 8, 7*j = 5*j - i + 26. Calculate the remainder when 94 is divided by j.
6
Suppose 2402 = 27*u - 9775. What is the remainder when u is divided by 219?
13
Let q = 76 - 53. Let t be (-6)/(-27) + (-58)/18. Let b(r) = -3*r - 3. Calculate the remainder when q is divided by b(t).
5
What is the remainder when 21 is divided by 5 - (2 + -12) - 7?
5
Let f = -467 + 308. Let o = 267 + f. Suppose z + o = 5*z. What is the remainder when 78 is divided by z?
24
Suppose -l + 5*l = 3*b + 1167, 4*l + 2*b = 1182. What is the remainder when l is divided by 60?
54
Suppose -4*w + 5*m + 39 = 0, -7*m + 5 = -2*m. Let o(l) = l**3 + 9*l**2 + 15*l + 278. What is the remainder when o(-10) is divided by w?
6
Suppose 0 = -3*c - c - 424. Let f = c + 151. Let z = 642 + -618. Calculate the remainder when f is divided by z.
21
Suppose -5*d + 10 + 0 = 0, 4*d = -4*o - 100. Suppose 0 = 3*q - 67 - 77. Let k = q + o. Calculate the remainder when 60 is divided by k.
18
Let h be 4*(-6)/(-8)*(2 + -1). Suppose 4*g - 26 = 5*c, -2*g + h*c + 9 + 5 = 0. Suppose z - 3 - 3 = 0. What is the remainder when z is divided by g?
2
Suppose -26 = 5*h - 566. Suppose 1162 - 533 = 17*r. Calculate the remainder when h is divided by r.
34
Let c(k) = 3*k - 30. Let b be c(15). Suppose 0 = 3*h - 51 + b. Calculate the remainder when 32 is divided by h.
8
Let t(o) = 1 - o**2 + 0 - 13*o + 2 + 5*o. Let m be 2/3 + (-40)/6. What is the remainder when t(m) is divided by 8?
7
What is the remainder when 218 is divided by 28*1*(-28 - -30)?
50
Let y(p) = 224*p - 56. What is the remainder when y(5) is divided by 15?
14
Let d(o) be the first derivative of o**6/6 + o**4/24 - o**3/3 - 3. Let a(g) be the third derivative of d(g). What is the remainder when a(1) is divided by 21?
19
Let v = 561 - 518. What is the remainder when 163 is divided by v?
34
Let z(a) = -3*a + 5. Let o be z(3). Let c be (17/3 + -2)*-3. What is the remainder when 54 is divided by (-156)/c + o/22?
12
Let s = 18 - 64. Let l = s + 175. What is the remainder when l is divided by 33?
30
Let y(s) = s**3 + 5*s**2 + 2*s + 2. Let f(i) = i**2 + 8*i + 11. Let q be f(-5). Let p be y(q). What is the remainder when 28 is divided by (-3)/(-15) - (-98)/p?
8
What is the remainder when 359 is divided by (-67)/(-11 + 9 - -1)?
24
Let i be (-5)/2*12/(-15). Suppose -2*h - 1110 = -5*l, 0 = l + l + i*h - 430. Suppose -10*b = -15*b + l. Calculate the remainder when b is divided by 23.
21
Let l(r) = r**2 + 7*r + 6. What is the remainder when 172/2 + 52/13 is divided by l(-9)?
18
Suppose 39*z - 4185 = 1236. Calculate the remainder when z is divided by 21.
13
Let w = 3 - 0. Let g(t) = 12*t**2 + 0*t - 11*t**2 - 3*t + 7. Calculate the remainder when g(3) is divided by w.
1
Suppose -3*v + 16 = 4*l, -4*l - 19 - 29 = -5*v. What is the remainder when (-40)/(-6)*924/220 is divided by v?
4
Let p = 13 - 10. Suppose -5*i - 5*h = 3 + 2, h + 13 = p*i. Suppose 5*b = 3*w + 87, 4*w = -i + 7. What is the remainder when b is divided by 10?
8
Suppose 36 = 2*i - i. Suppose 56 = 5*v + 3*b - 48, -2*b = -3*v + 51. What is the remainder when i is divided by v?
17
Suppose -3*k = -6*k + 2*x + 59, k = 4*x + 23. Let j(i) = -54*i + 2277. Calculate the remainder when k is divided by j(42).
1
Suppose 10*b = 4*b - 24. What is the remainder when -2 + -1 + 1*25 is divided by (-12 + b/(-2))*(-2)/5?
2
Let u(d) = 5*d**2 + 12*d - 5. Let c(w) = w**2 + 7*w + 10. What is the remainder when c(-8) is divided by u(-3)?
2
Let l = -1 - -3. Let w = 1634 - 1624. Calculate the remainder when w is divid